{"id":11452,"date":"2019-02-18T21:14:08","date_gmt":"2019-02-18T21:14:08","guid":{"rendered":"http:\/\/www.colegiomiguelangelasturias.edu.co\/?page_id=11452"},"modified":"2019-02-18T21:38:35","modified_gmt":"2019-02-18T21:38:35","slug":"nuestros-simbolos","status":"publish","type":"page","link":"https:\/\/www.colegiomiguelangelasturias.edu.co\/index.php\/nuestros-simbolos\/","title":{"rendered":"Nuestros S\u00edmbolos"},"content":{"rendered":"<p>[vc_row][vc_column width=&#8221;1\/2&#8243;][vc_custom_heading text=&#8221;La Bandera&#8221; font_container=&#8221;tag:h2|text_align:center&#8221; google_fonts=&#8221;font_family:Bad%20Script%3Aregular|font_style:400%20regular%3A400%3Anormal&#8221;][vc_single_image image=&#8221;11457&#8243; img_size=&#8221;full&#8221; alignment=&#8221;center&#8221;][vc_column_text]<\/p>\n<p style=\"text-align: justify;\"><span style=\"color: #000000;\">La bandera est\u00e1 formada por tres franjas horizontales de color Azul, Blanco y Gris AZUL Refleja lealtad, confianza, sabidur\u00eda, inteligencia, fe, verdad, eternidad, creatividad y conocimiento., ayuda a controlar la mente y tener claridad de ideas BLANCO: Significa PAZ, pureza, candor, ternura; cualidades que merecen reflexi\u00f3n para su conservaci\u00f3n, ayuda a limpiar y aclarar las emociones, los pensamientos y el esp\u00edritu GRIS: Asociado con la independencia, la auto-suficiencia, el auto-control, auto critica porque act\u00faa como escudo de las influencia externas. Inspira creatividad, estabilidad y simboliza \u00e9xito, ayuda a lograr resultados positivos tanto desde el punto de vista de organizaci\u00f3n como en su capacidad de compromiso con los dem\u00e1s.<\/span><\/p>\n<p>[\/vc_column_text][vc_custom_heading text=&#8221;El Escudo&#8221; font_container=&#8221;tag:h2|text_align:center&#8221; google_fonts=&#8221;font_family:Bad%20Script%3Aregular|font_style:400%20regular%3A400%3Anormal&#8221;][vc_single_image image=&#8221;11395&#8243; img_size=&#8221;full&#8221; alignment=&#8221;center&#8221;][vc_column_text]<\/p>\n<p style=\"text-align: justify;\"><span style=\"color: #000000;\">El escudo es el elemento central y principal en forma her\u00e1ldico conformado por una pir\u00e1mide en color blanco la cual significa soporte, construcci\u00f3n, privilegiada por el conocimiento representado en un libro y una pluma, el emblema con los cinco anillos entrelazados de diferentes colores los cuales representan las cinco partes del mundo que se han unido para competir sanamente, lleva los colores de la bandera y est\u00e1 enmarcado con el Nombre del Colegio Adem\u00e1s, los seis colores combinados representan a todas las naciones sin excepci\u00f3n. El azul y el amarillo de Suecia; el azul y el blanco de Grecia y Argentina; los tricolores mexicanos, franceses, brit\u00e1nicos, estadounidenses, alemanes, colombianos, belgas, italianos y h\u00fangaros; el amarillo y el rojo de Espa\u00f1a yacen junto a las nuevas banderas brasile\u00f1a, australiana y venezolana y a las del antiguo Jap\u00f3n y la joven China. Este es, realmente, un emblema internacional.<\/span><\/p>\n<p>[\/vc_column_text][\/vc_column][vc_column width=&#8221;1\/2&#8243;][vc_single_image image=&#8221;11455&#8243; img_size=&#8221;full&#8221;][\/vc_column][\/vc_row][vc_row][vc_column][\/vc_column][\/vc_row]<\/p>\n","protected":false},"excerpt":{"rendered":"<p>[vc_row][vc_column width=&#8221;1\/2&#8243;][vc_custom_heading text=&#8221;La Bandera&#8221; font_container=&#8221;tag:h2|text_align:center&#8221; google_fonts=&#8221;font_family:Bad%20Script%3Aregular|font_style:400%20regular%3A400%3Anormal&#8221;][vc_single_image image=&#8221;11457&#8243; img_size=&#8221;full&#8221; alignment=&#8221;center&#8221;][vc_column_text] La bandera est\u00e1 formada por tres franjas horizontales de color Azul, Blanco y Gris AZUL Refleja lealtad, confianza, sabidur\u00eda, inteligencia, fe, verdad, eternidad, creatividad y conocimiento., ayuda a controlar la mente &hellip; <\/p>\n","protected":false},"author":1,"featured_media":0,"parent":0,"menu_order":0,"comment_status":"closed","ping_status":"closed","template":"","meta":{"_bbp_topic_count":0,"_bbp_reply_count":0,"_bbp_total_topic_count":0,"_bbp_total_reply_count":0,"_bbp_voice_count":0,"_bbp_anonymous_reply_count":0,"_bbp_topic_count_hidden":0,"_bbp_reply_count_hidden":0,"_bbp_forum_subforum_count":0,"pmpro_default_level":""},"_links":{"self":[{"href":"https:\/\/www.colegiomiguelangelasturias.edu.co\/index.php\/wp-json\/wp\/v2\/pages\/11452"}],"collection":[{"href":"https:\/\/www.colegiomiguelangelasturias.edu.co\/index.php\/wp-json\/wp\/v2\/pages"}],"about":[{"href":"https:\/\/www.colegiomiguelangelasturias.edu.co\/index.php\/wp-json\/wp\/v2\/types\/page"}],"author":[{"embeddable":true,"href":"https:\/\/www.colegiomiguelangelasturias.edu.co\/index.php\/wp-json\/wp\/v2\/users\/1"}],"replies":[{"embeddable":true,"href":"https:\/\/www.colegiomiguelangelasturias.edu.co\/index.php\/wp-json\/wp\/v2\/comments?post=11452"}],"version-history":[{"count":4,"href":"https:\/\/www.colegiomiguelangelasturias.edu.co\/index.php\/wp-json\/wp\/v2\/pages\/11452\/revisions"}],"predecessor-version":[{"id":11459,"href":"https:\/\/www.colegiomiguelangelasturias.edu.co\/index.php\/wp-json\/wp\/v2\/pages\/11452\/revisions\/11459"}],"wp:attachment":[{"href":"https:\/\/www.colegiomiguelangelasturias.edu.co\/index.php\/wp-json\/wp\/v2\/media?parent=11452"}],"curies":[{"name":"wp","href":"https:\/\/api.w.org\/{rel}","templated":true}]}}