{"id":11492,"date":"2019-02-19T00:12:02","date_gmt":"2019-02-19T00:12:02","guid":{"rendered":"http:\/\/www.colegiomiguelangelasturias.edu.co\/?page_id=11492"},"modified":"2019-03-07T20:50:04","modified_gmt":"2019-03-07T20:50:04","slug":"escuelas-de-formacion","status":"publish","type":"page","link":"https:\/\/www.colegiomiguelangelasturias.edu.co\/index.php\/escuelas-de-formacion\/","title":{"rendered":"Escuelas de Formaci\u00f3n"},"content":{"rendered":"<p>[vc_row][vc_column][vc_column_text]<\/p>\n<p style=\"text-align: justify;\">El Colegio Miguel \u00c1ngel Asturias busca fomentar un trabajo multifac\u00e9tico que propenda por la formaci\u00f3n integral de cada uno de nuestros estudiantes promoviendo as\u00ed la recreaci\u00f3n y el buen uso del tiempo libre mediante el \u00f3ptimo desarrollo de las escuelas de formaci\u00f3n deportiva, las cuales estimulan la comunicaci\u00f3n, la coordinaci\u00f3n y cooperaci\u00f3n de nuestro grupo en formaci\u00f3n.<\/p>\n<p style=\"text-align: justify;\">Escuela de Formaci\u00f3n en Patinaje, se caracteriza por ser una experiencia saludable y amena en la cual se aprenden habilidades b\u00e1sicas de desplazamiento, desarrollando la concentraci\u00f3n y afianzando la seguridad en s\u00ed mismo.<\/p>\n<p style=\"text-align: justify;\">Escuela de Formaci\u00f3n en Futbol, Adem\u00e1s de ser un deporte que aporta altos beneficios para la salud, en su pr\u00e1ctica los ni\u00f1os adquieren valores, afianzan su inteligencia emocional permitiendo aprender a ganar, perder y a tolerar la frustraci\u00f3n.<\/p>\n<p>[\/vc_column_text][\/vc_column][\/vc_row]<\/p>\n","protected":false},"excerpt":{"rendered":"<p>[vc_row][vc_column][vc_column_text] El Colegio Miguel \u00c1ngel Asturias busca fomentar un trabajo multifac\u00e9tico que propenda por la formaci\u00f3n integral de cada uno de nuestros estudiantes promoviendo as\u00ed la recreaci\u00f3n y el buen uso del tiempo libre mediante el \u00f3ptimo desarrollo de las &hellip; <\/p>\n","protected":false},"author":1,"featured_media":0,"parent":0,"menu_order":0,"comment_status":"closed","ping_status":"closed","template":"","meta":{"_bbp_topic_count":0,"_bbp_reply_count":0,"_bbp_total_topic_count":0,"_bbp_total_reply_count":0,"_bbp_voice_count":0,"_bbp_anonymous_reply_count":0,"_bbp_topic_count_hidden":0,"_bbp_reply_count_hidden":0,"_bbp_forum_subforum_count":0,"pmpro_default_level":""},"_links":{"self":[{"href":"https:\/\/www.colegiomiguelangelasturias.edu.co\/index.php\/wp-json\/wp\/v2\/pages\/11492"}],"collection":[{"href":"https:\/\/www.colegiomiguelangelasturias.edu.co\/index.php\/wp-json\/wp\/v2\/pages"}],"about":[{"href":"https:\/\/www.colegiomiguelangelasturias.edu.co\/index.php\/wp-json\/wp\/v2\/types\/page"}],"author":[{"embeddable":true,"href":"https:\/\/www.colegiomiguelangelasturias.edu.co\/index.php\/wp-json\/wp\/v2\/users\/1"}],"replies":[{"embeddable":true,"href":"https:\/\/www.colegiomiguelangelasturias.edu.co\/index.php\/wp-json\/wp\/v2\/comments?post=11492"}],"version-history":[{"count":6,"href":"https:\/\/www.colegiomiguelangelasturias.edu.co\/index.php\/wp-json\/wp\/v2\/pages\/11492\/revisions"}],"predecessor-version":[{"id":11674,"href":"https:\/\/www.colegiomiguelangelasturias.edu.co\/index.php\/wp-json\/wp\/v2\/pages\/11492\/revisions\/11674"}],"wp:attachment":[{"href":"https:\/\/www.colegiomiguelangelasturias.edu.co\/index.php\/wp-json\/wp\/v2\/media?parent=11492"}],"curies":[{"name":"wp","href":"https:\/\/api.w.org\/{rel}","templated":true}]}}